are the prime factors of s?
229
List the prime factors of 192/9 - (-5)/(-15).
3, 7
List the prime factors of (6/(-4)*3)/((-6)/40).
2, 3, 5
Let t = -118 + 318. What are the prime factors of t?
2, 5
Let l(k) = -2*k. Let u(i) = -i. Let x(p) = 2*l(p) - 5*u(p). Suppose -b = -2*b + 7. What are the prime factors of x(b)?
7
Suppose -c - 2*c = d - 11, 2*d - 2*c + 2 = 0. Suppose -d*f - 10 = -32. List the prime factors of f.
11
Let b(h) = h**2 + 7*h + 5. Let v be b(-6). What are the prime factors of (-150)/40*v*4?
3, 5
Let p be 1 + 3/3*-1. Suppose 0 = 3*q - p*q + 36. Let i = 34 + q. What are the prime factors of i?
2, 11
Let h(t) = -t**2 - 15*t + 2. What are the prime factors of h(-14)?
2
Let p(w) = -5*w + 201. What are the prime factors of p(0)?
3, 67
Suppose m - 3*t + 35 = 5*m, 0 = 2*m + 5*t - 35. What are the prime factors of ((-4)/m)/((-1)/20)?
2
Let u(n) = n**3 + 3*n**2 - 6*n - 6. Let w be u(-4). Suppose -5 = -w*g + g. What are the prime factors of g?
5
Suppose 3*c - l = 5*c - 144, -3*c - l = -215. What are the prime factors of c?
71
Let l = -6 + 42. List the prime factors of l.
2, 3
Let r(f) = f**3 + f - 1. Let g(h) = -6*h**3 - 3*h + 3. Let o(s) = -g(s) - 5*r(s). Let j(c) be the first derivative of o(c). What are the prime factors of j(-2)?
2, 5
Let g(t) = t**2 - 6*t - 4. Let f be g(7). Suppose 4*q + 34 = 2*b - q, f*b - 51 = -q. List the prime factors of b.
17
Suppose -7651 = -20*s - 1271. List the prime factors of s.
11, 29
Let s(y) = y**3 - 3*y**2 - 3*y - 1. Suppose 3*v + 4*d = -v + 36, 4*v + d - 21 = 0. Let u be s(v). Let c = 13 - u. What are the prime factors of c?
2, 5
Suppose 4*z - 79 = 337. What are the prime factors of z?
2, 13
Suppose 3*f - 255 = -3*r, -5*r - 6*f = -2*f - 428. List the prime factors of r/9 + 14/63.
2, 5
List the prime factors of ((-32)/16)/((-4)/38).
19
Let j = -6 + 4. What are the prime factors of j/(-5) - (-165)/25?
7
Suppose -2*g - 2*x + 5*x = 15, 2*g + x - 5 = 0. List the prime factors of -2*((-9)/6 - g).
3
Suppose 3*q + 15 = 78. What are the prime factors of q?
3, 7
Suppose 2*g - 3 = 5. Suppose -5*w + g = 4*t - 2*t, 4*t = -3*w - 6. What are the prime factors of 10*(-2 - t) - 2?
2
Suppose 0 = 3*g - 0*g - 123. List the prime factors of g.
41
Let q be (1 + (1 - 3))*1. Let k = q - -16. List the prime factors of k.
3, 5
Let o(r) = -5*r**3 - r**2 + r + 1. Let i be o(-1). Suppose -i = -3*d + d. Suppose 0 = 2*t - 5*m + 9, -2*m = -2*t - d*t + 22. What are the prime factors of t?
2
Suppose 5*a = 14 + 1. Suppose a*c = v + 4*v - 42, v = -c + 2. What are the prime factors of v?
2, 3
Suppose 0*v - 162 = -3*v. Let c = v - 32. List the prime factors of c.
2, 11
Suppose -3*u = -3, 5*u - 72 - 18 = -5*z. List the prime factors of z.
17
Suppose 2*o - 10 = -4*s, 0 = -0*s - s + 2*o. List the prime factors of 45/s + (-1)/(-2).
23
Let x(p) = -8 + 5 + p + 5*p**2 - p**3 - 2*p. Suppose -9*q + 4*q + 20 = 0. List the prime factors of x(q).
3
Let u = -22 + 35. Suppose u = 2*y + 3. Suppose -4*o = 2*f - 18, -f + y*f - o = 36. What are the prime factors of f?
3
List the prime factors of 122/8 - (-21)/28.
2
Let g(t) = -t**2 + 7*t + 1. Let n = 12 + -7. What are the prime factors of g(n)?
11
Suppose -10 = 4*w + w. Let q = w - -6. Let k(r) = -r**2 + 5*r - 1. List the prime factors of k(q).
3
List the prime factors of (16/12)/(2/3).
2
Let z be (-3)/(-2)*(-8)/(-6). Let p be 0*-2*(-1)/(-2). What are the prime factors of (0 + z - -4) + p?
2, 3
Let b(c) be the third derivative of c**5/60 + 11*c**4/24 + 7*c**3/3 - c**2. What are the prime factors of b(-12)?
2, 13
Let m = 12 - 5. Suppose -3*p + 4*n = -21, p + 2*n + 0 = m. What are the prime factors of p?
7
Let f = 9 - 4. Suppose -14 = -f*t + 1. What are the prime factors of (-1 + 0)/(t/(-12))?
2
Let z be 4/6*1*-12. Let x = z - -8. Let v = 2 - x. What are the prime factors of v?
2
Let d be 7 + (-2)/(-2 - -4). Let z be (6/9*d)/1. Let x(v) = v**2 - 5*v + 6. List the prime factors of x(z).
2
Let l(k) be the second derivative of k**4/12 + k**3/2 + k**2 - 2*k. What are the prime factors of l(-3)?
2
Let u be (1/(-2))/(2/(-16)). Let m be 10*(-2)/(-4) + -3. Let i = m + u. What are the prime factors of i?
2, 3
Suppose -2*s - 2 = 0, -3*u - 4*s = -2*s - 7. List the prime factors of u.
3
Let g(j) = j**2 - 10*j - 1. List the prime factors of g(14).
5, 11
Suppose 0*n = -n. Let v = n + 6. What are the prime factors of v?
2, 3
What are the prime factors of 8687/35 - 3 - 2/10?
5, 7
Let k = 14 - -5. Suppose -58 = -3*c - k. What are the prime factors of c?
13
Let y be (5/2 + -2)*10. Suppose 2*f - f - 2 = 0, -y*f + 7 = -g. List the prime factors of g.
3
Let r be 570/14 + (-2)/(-7). Suppose 0 = 2*k + 15 - r. What are the prime factors of k?
13
Suppose 0 = -2*f - 3*w + 162, 2*f + 4*w - 48 = 116. What are the prime factors of f?
2, 3, 13
Suppose -3*y + 5*t + 13 = -2*y, 5*y - 123 = -4*t. Suppose 4*s + 7 = y. List the prime factors of s/(-22) - 24/(-11).
2
Let x(s) = -s + 1. Let u = 3 + -8. What are the prime factors of x(u)?
2, 3
Suppose 3*i + 2*i = -130. Let q = -18 - i. Let u(k) = -k**2 + 8*k + 7. What are the prime factors of u(q)?
7
Suppose -5*h = -28 - 12. Suppose 5*b - 3 + h = 5*s, 3*b + 2*s = 22. What are the prime factors of b?
2
Let o be 2 + -1 - (10 - -3). Let x be (44/o)/((-1)/3). Let c = x + -7. What are the prime factors of c?
2
Let m be ((-15)/12)/(2/(-16)). Suppose -2 = 4*t - 5*y, -t - 3 = 5*y + m. List the prime factors of 32/6 + 1/t.
5
Let d(p) = -p**2 - 12*p - 4. Let j be d(-8). Let w be ((-3)/2)/(3/j). Let i = w + 21. List the prime factors of i.
7
What are the prime factors of (-1 + -2)*2*329/(-14)?
3, 47
Let k be ((-2)/(-1) + 0)*2. Suppose -k*d = -3*d. Suppose 5*b - 3*t = 35, -b - t - 4*t - 21 = d. What are the prime factors of b?
2
Suppose 0 = 2*q - 4*z - 111 - 103, 5*q = -3*z + 483. List the prime factors of q.
3, 11
Suppose 20 = -5*s - 4*p, -3*s = -p - 3 - 2. Let j = 8 + -5. Suppose s = n - j - 3. List the prime factors of n.
2, 3
Let j(n) = n**2 + 8*n - 4. Let x be j(-8). Let p(m) = -3*m - 3. List the prime factors of p(x).
3
Let i(r) = r**3 - 6*r**2 - 5*r + 12. What are the prime factors of i(7)?
2, 13
Suppose -4*s - 10 - 10 = 0. Let f be (2*-1)/(s/170). Suppose -5*z = 13 - f. What are the prime factors of z?
11
Suppose 4 = -4*q + 24. Suppose 0 = -y + q*y - 2*g - 112, 3*y - 90 = 3*g. What are the prime factors of y?
2, 13
Let u(w) = 65*w - 77. List the prime factors of u(4).
3, 61
Suppose 6*o = -2*h + 3*o + 30, 20 = 5*o. Let i = h - 21. Let c = i - -20. What are the prime factors of c?
2
List the prime factors of (-12)/(-8)*8 + 3.
3, 5
Let p be 2*4/(-12)*-3. What are the prime factors of 46/(-6)*(p - 5)?
23
Let v(u) = u**2 + u - 2. Let t be v(-5). Let c = t + -12. What are the prime factors of c?
2, 3
Suppose 919 = 5*n - 11. List the prime factors of n.
2, 3, 31
Let n be 42/8*(8 - 0). Suppose 3*c = 2*s + n, -5*c + 4*s + 47 + 23 = 0. What are the prime factors of c?
2, 7
Suppose -2*t + t = -9. Let g be 4/(1 + 0) - -2. Let u = t - g. List the prime factors of u.
3
Let u be ((-18)/8)/(3/(-8)). Let c be u/2 + (-2 - -2). Suppose -6 = 3*t - c*w - 66, w + 92 = 5*t. What are the prime factors of t?
2, 3
Let v be (1 - -132)/1 + 2. List the prime factors of v/12 + (-1)/4.
11
Suppose -8*i + 276 = -6*i. List the prime factors of i.
2, 3, 23
Suppose 4*x - 49 + 1 = 0. Suppose -5*b + x = i - 12, 3*b - i = 8. Let h = b - 0. List the prime factors of h.
2
Let z = 0 - -24. Let f(v) = -v**3 - 4*v**2 + 4*v + 4. Let g be f(-5). Suppose -3*x = -z + g. What are the prime factors of x?
5
Let c = -21 - -54. Suppose 10 = -2*z, 0*z + z + c = 4*x. What are the prime factors of (3 + (2 - x))*-1?
2
Let m be (6/(-1))/((-6)/4). Suppose 4*i - 35 = -3*n, -m*n = -i - 3*i + 28. What are the prime factors of i?
2
Let o(x) = 2*x**3 - 2*x**2 - 2*x + 3. Let p be o(2). Suppose -3*t - 2*t + 4*w = -p, 0 = t - 3*w - 8. Let r = 7 - t. List the prime factors of r.
2
Let z be 1/2 - (-625)/(-10). Let v = z + 88. What are the prime factors of v?
2, 13
Let y(f) = 3*f**2. Let x(k) = -k - 7. Let a be x(-4). List the prime factors of y(a).
3
Let y be 1*(-4)/(12/(-9)). Suppose -3*r - 24 = y. What are the prime factors of (2 + 1)*(-33)/r?
11
Suppose 0 = 5*m - 5*o - 320, 0 = 5*m + 2*o - 0*o - 292. Suppose m = v + 4*v. List the prime factors of v.
2, 3
Let l = 